inder when 21 is divided by a.
10
Suppose u = -2*d + 1, 3*u - 1 = 4*d + 2*u. Suppose f - 14 + 0 = d. Calculate the remainder when 26 is divided by f.
12
Let z = 62 - 10. Calculate the remainder when z is divided by 11.
8
Let a(n) = 16*n + 1. Let b be a(2). Suppose -2*f = -4*p - 8 - 28, 36 = 4*f + 4*p. What is the remainder when f is divided by (-225)/(-33) + 6/b?
5
What is the remainder when 16 is divided by (4/(-1))/(6/(-15))?
6
Suppose 15*i = 9*i + 132. What is the remainder when i is divided by 12?
10
Suppose -3*o - 2*o + 125 = 0. Let a be 8/(-10)*o/(-10). Suppose 20 = a*s - s. What is the remainder when 59 is divided by s?
19
Suppose -13 - 7 = 4*p. Let v(h) = -h**3 + 2*h + 16. What is the remainder when v(0) is divided by 34/4 + p/(-10)?
7
Let y = 56 - 31. Calculate the remainder when 46 is divided by y.
21
Suppose -5*v = -4*q + 48, -2*q + v + 36 = q. Let s = -109 + 130. What is the remainder when s is divided by q?
9
Let w = -2 - -17. Calculate the remainder when 41 is divided by w.
11
Suppose 0 = 4*u - 6 - 2. What is the remainder when -2 + u + -2 - -30 is divided by 10?
8
Suppose -5*r + 0*r + 25 = 0. Suppose -3*t - 17 = -r*z - 6, -5*z = -4*t - 8. Calculate the remainder when 4 is divided by t.
1
Suppose -4*x + 2 = 2*d, 0 = 4*x - 4*d + 8 + 8. What is the remainder when x + 4 - (1 - 54) is divided by 2/((2/19)/1)?
18
Let n(d) = -d**2 - d + 11. Calculate the remainder when 30 is divided by n(0).
8
Let j(z) = 3*z**2 + 4*z + 2. Suppose 0 = 4*m + 11 + 17. Let t(a) = -a**3 - 7*a**2 + 2*a + 10. Let d be t(m). Calculate the remainder when j(d) is divided by 18.
16
Let y(h) = -80*h + 9. Calculate the remainder when y(-1) is divided by 32.
25
Let d = 60 + -46. What is the remainder when 23 is divided by d?
9
Let c be 1 + -4 + 0/(-3). Let b = 13 - 6. Calculate the remainder when 11 - (-1 - (-2 - c)) is divided by b.
6
Suppose 0 = -3*i + 15, -4*c = 2*i - i - 53. What is the remainder when 40 is divided by c?
4
Let i(a) = -a**3 - a**2 - 8*a - 5. Calculate the remainder when i(-4) is divided by 19.
18
Suppose 0*x + 2*x - 72 = 0. Suppose -2*p = 5 - 3. Calculate the remainder when x is divided by (-54)/(-3) - (-2 - p).
17
Let g(j) = j + 6. What is the remainder when 11 is divided by g(-2)?
3
Let w = -19 - -25. What is the remainder when w is divided by (-4)/(1/(1 - 2))?
2
Suppose -m = 3*m - 48. Calculate the remainder when 19 is divided by m.
7
Suppose 4*q - 12 = -0*q. Suppose 8*v = q*v + 10. Suppose -4 = v*u - 4*u. What is the remainder when u is divided by 2?
0
Suppose 3*m - 19 = -k, -3*k - 4 + 49 = 5*m. What is the remainder when 28 is divided by k?
8
Let m(q) = 7*q - 2. What is the remainder when m(5) is divided by 6?
3
Suppose -6*y + 2*y = -184. What is the remainder when y is divided by 150/12 + (-5)/10 - 0?
10
Suppose 6 = 2*m + 2*h, 5*h = -4*m + 21 - 6. Suppose m*a = -5*a. Suppose u + a*u = 18. What is the remainder when u is divided by 10?
8
Suppose 4*j + 3*v - 183 = 0, -7*j = -2*j - 3*v - 195. Suppose -3*b - 2*d = d - 30, 0 = -3*b + d + j. Calculate the remainder when 38 is divided by b.
12
Suppose -2 - 13 = -5*x. Suppose -1 = -4*k + 5*y - 8, x*k + 5*y = 21. Calculate the remainder when 3 is divided by k.
1
Let n(z) = -z**2 - 6*z + 7. Let v be n(-7). Suppose -4*j = 16, v = 4*h - h + 4*j - 89. Calculate the remainder when h is divided by 9.
8
Suppose -3*x - 7*h = -2*h - 26, 3*x = 2*h + 40. What is the remainder when 45 is divided by x?
9
Suppose 8*m - 60 = 5*m. Calculate the remainder when 78 is divided by m.
18
Let u = -4 - -6. Suppose -2*m = -2*t - 12, -5*m - t = u*t - 22. Calculate the remainder when 22 is divided by (-31 - -1)*(-2)/m.
10
Suppose -4*u = -3*u - 5. Suppose 2*b = -u*w + 31, 5*b + 8 + 9 = w. Calculate the remainder when 19 is divided by w.
5
Suppose -5*v = -4*x - 53, -3*x - 7 = -4*v + 36. What is the remainder when 64 is divided by v?
12
Let j(w) = -w**3 + 6*w**2 - 8. Calculate the remainder when 66 is divided by j(5).
15
Let z(s) = -5*s - 6. Let g(l) = 6*l + 6. Let y(v) = 6*g(v) + 7*z(v). What is the remainder when 5 is divided by y(9)?
2
Let v(o) = 5*o**2 + 7*o - 17. Let b = 1 + 9. What is the remainder when v(2) is divided by b?
7
Let x be (0 + 2)*10/4. Suppose 0 = 3*k + b - 65, 0 = -x*k - 5*b + 72 + 33. Let r(f) = f + 21. Calculate the remainder when k is divided by r(-9).
10
Let z(k) = k**2 - 4*k - 11. Let q(j) = -j**3 - 4*j**2 + 2*j - 7. Let g be q(-5). Calculate the remainder when 41 is divided by z(g).
20
Let f(y) = y**3 + 7*y**2 + 6*y - 7. Let t be f(-5). Suppose 18*g - 100 = t*g. Let w = 169 - 110. What is the remainder when w is divided by g?
19
Suppose -9*t = -14*t + 95. What is the remainder when 53 is divided by t?
15
Let f(h) = -h**3 - 4*h**2 + 2*h - 3. Let b(t) = -3*t**3 - t**2 - t - 1. Let k be b(-1). Calculate the remainder when (4 + 0)*23/k is divided by f(-5).
10
Suppose 6*z - 123 = 3*z. What is the remainder when z is divided by 15?
11
Let p(o) = 3*o**2 - 23*o + 10. Let c(m) = m**2 - 11*m + 5. Let i(u) = 5*c(u) - 2*p(u). What is the remainder when 37 is divided by i(-7)?
18
Let y = 28 - 10. What is the remainder when 34 is divided by y?
16
Suppose -39 - 77 = -4*t + 3*m, 4*m - 145 = -5*t. Calculate the remainder when t is divided by 8.
5
Suppose 0 = -7*z + 3*z + 68. Calculate the remainder when z is divided by 5.
2
Let k = -54 - -79. Let b(j) = j**3 + 4*j**2 - 1. Let w be b(-4). Let y = w + 14. Calculate the remainder when k is divided by y.
12
Let b be 0*-3*2/(-6). Let k = b + 3. Let i(a) = -a**3 + 2*a**2 + 4*a + 1. What is the remainder when i(k) is divided by 3?
1
Let b(n) = 2*n - 4. Suppose 0*j - 3*j + 18 = 0. Let h(v) = v**3 + 4*v**2 + 2*v + 1. Calculate the remainder when b(j) is divided by h(-2).
3
Let i(w) = -w**2 + 7*w + 3. Calculate the remainder when 16 is divided by i(6).
7
Let s(d) = d**2 - 2*d - 19. Suppose 5*r - 2 = 8. Suppose -r*b - 43 + 2 = -5*w, -b = 5*w - 32. What is the remainder when w is divided by s(6)?
2
Suppose -2*p + 2*c + 6 = 0, -15 = -4*p - c + 2*c. Suppose -3*g + 97 = -4*o - o, p*g - 136 = 5*o. What is the remainder when g is divided by 15/6*((-10)/2 + 9)?
9
Suppose 20 = -3*l + 71. Let g(r) = -r - 3. What is the remainder when l is divided by g(-8)?
2
Suppose 0 = 3*o - 4*o + 6. Let p(q) = -q + 12. Let x be p(10). Suppose 0*h + 34 = x*h. Calculate the remainder when h is divided by o.
5
Suppose 2*x - 60 = -5*s - 2*x, s = x + 3. Calculate the remainder when (7 - 0)*15/5 is divided by s.
5
Let v(i) = i. Let t(a) = -a**2 + 5*a + 7. Let z(m) = t(m) + 3*v(m). Calculate the remainder when 55 is divided by z(6).
17
Let w be 4*-1 + (-4)/(-2). Calculate the remainder when ((-7)/(-14))/(w/(-68)) is divided by 9.
8
Let k(x) = -x + 1. Let d be k(7). Calculate the remainder when 4/d + 98/21 is divided by 2.
0
Calculate the remainder when 28 is divided by 20 + -15 + -4 + 2.
1
Let w(n) = n**3 + 11*n**2 - 25*n + 27. Calculate the remainder when 40 is divided by w(-13).
12
Let v(l) = l**2 - 2*l - 1. Suppose 4*x = z - 18, 4*x + 24 = 4*z - 2*z. What is the remainder when v(z) is divided by 8?
7
Calculate the remainder when 35 is divided by -2 + -3 + 4 + 7.
5
Suppose 0 = 29*k - 30*k + 43. What is the remainder when k is divided by 5?
3
Let o(c) = -19*c + 4. Calculate the remainder when o(-2) is divided by 22.
20
Let g(n) = -n**3 - n**2 + 5*n + 4. Suppose 2*f - 98 = -2*u, 5*u + 3*f + f = 241. Let i = -32 + u. What is the remainder when i is divided by g(-3)?
6
Let s = 24 + -11. Calculate the remainder when 24 is divided by s.
11
Let w(i) = -i**3 + 6*i**2 + 7*i + 7. Suppose 0 = h - 5*z + 3, -4*h + z = 3*z - 32. What is the remainder when w(h) is divided by 5?
2
Suppose 0*o = o - 15. Let r = 30 - o. What is the remainder when 43 is divided by r?
13
Let t(i) = i**3 - 4*i**2 - 2*i. Let s be t(5). Let o = 25 - s. What is the remainder when o is divided by 6?
4
Let a = 43 + -15. Suppose 2*y + 0*x - x - 24 = 0, 0 = 2*y - 2*x - a. Let k = 44 + -26. What is the remainder when k is divided by y?
8
Let a = 355 - 343. Let m = -24 + 46. Calculate the remainder when m is divided by a.
10
Suppose 35 = -3*j + 167. Let a = 73 - j. What is the remainder when a is divided by 3 - 2 - 9*-1?
9
Let p(m) = 3*m - 4. What is the remainder when p(5) is divided by 3?
2
Suppose -2*u = -5*u + 30. What is the remainder when 27 i